{"id":392,"date":"2018-06-22T13:57:19","date_gmt":"2018-06-22T13:57:19","guid":{"rendered":"http:\/\/www.adghn.org\/?page_id=392"},"modified":"2018-11-23T17:07:58","modified_gmt":"2018-11-23T17:07:58","slug":"historico","status":"publish","type":"page","link":"http:\/\/www.adghn.org\/index.php\/historico\/","title":{"rendered":"Hist\u00f3rico"},"content":{"rendered":"<h2 style=\"text-align: center;\"><strong><em>\u00abConferencia titulada Los Romanov, pasado y presente de una Dinast\u00eda\u00bb<\/em><\/strong><\/h2>\n<h5 style=\"text-align: center;\">pronunciada por Jos\u00e9 Luis Sampedro Escolar, Numerario de la Real Academia Matritense de Her\u00e1ldica y Genealog\u00eda,\u00a0el 14 de abril de 1994, en la sede del Consejo Superior de Investigaciones Cient\u00edfiacas (CSIC) de la calle Duque de Medinaceli, 6, en Madrid.<\/h5>\n<p>En las im\u00e1genes podemos ver junto al conferenciante a SAI la Gran Duquesa Mar\u00eda Vladimirovna, que presidi\u00f3 el acto junto a la esposa de Igor Sergu\u00e9yevich Ivanov<strong>,\u00a0<\/strong>Embajador Extraordinario y Plenipotenciario entre 1991 y 1993. Destac\u00f3 igualmente entre los presentes SAR el Pr\u00edncipe Giovanni de las Dos Sicilias.<\/p>\n<p><img decoding=\"async\" loading=\"lazy\" class=\"alignleft wp-image-469 size-medium\" src=\"http:\/\/www.adghn.org\/wp-content\/uploads\/2018\/11\/conferencia-94-6-300x201.jpg\" alt=\"\" width=\"300\" height=\"201\" srcset=\"http:\/\/www.adghn.org\/wp-content\/uploads\/2018\/11\/conferencia-94-6-300x201.jpg 300w, http:\/\/www.adghn.org\/wp-content\/uploads\/2018\/11\/conferencia-94-6-768x515.jpg 768w, http:\/\/www.adghn.org\/wp-content\/uploads\/2018\/11\/conferencia-94-6-1024x687.jpg 1024w, http:\/\/www.adghn.org\/wp-content\/uploads\/2018\/11\/conferencia-94-6.jpg 1772w\" sizes=\"(max-width: 300px) 100vw, 300px\" \/><\/p>\n<p><img decoding=\"async\" loading=\"lazy\" class=\"wp-image-470 size-medium alignleft\" src=\"http:\/\/www.adghn.org\/wp-content\/uploads\/2018\/11\/Conferencia-1994-3-300x194.jpg\" alt=\"\" width=\"300\" height=\"194\" srcset=\"http:\/\/www.adghn.org\/wp-content\/uploads\/2018\/11\/Conferencia-1994-3-300x194.jpg 300w, http:\/\/www.adghn.org\/wp-content\/uploads\/2018\/11\/Conferencia-1994-3-768x497.jpg 768w, http:\/\/www.adghn.org\/wp-content\/uploads\/2018\/11\/Conferencia-1994-3-1024x663.jpg 1024w, http:\/\/www.adghn.org\/wp-content\/uploads\/2018\/11\/Conferencia-1994-3.jpg 1772w\" sizes=\"(max-width: 300px) 100vw, 300px\" \/><\/p>\n<p><img decoding=\"async\" loading=\"lazy\" class=\"alignleft size-thumbnail wp-image-471\" src=\"http:\/\/www.adghn.org\/wp-content\/uploads\/2018\/11\/Conferencia-1994--150x150.jpg\" alt=\"\" width=\"150\" height=\"150\" \/>\u00a0 \u00a0 \u00a0 \u00a0\u00a0<img decoding=\"async\" loading=\"lazy\" class=\"alignleft wp-image-472 size-medium\" src=\"http:\/\/www.adghn.org\/wp-content\/uploads\/2018\/11\/Conferencia-2-94-199x300.jpg\" alt=\"\" width=\"199\" height=\"300\" srcset=\"http:\/\/www.adghn.org\/wp-content\/uploads\/2018\/11\/Conferencia-2-94-199x300.jpg 199w, http:\/\/www.adghn.org\/wp-content\/uploads\/2018\/11\/Conferencia-2-94-768x1156.jpg 768w, http:\/\/www.adghn.org\/wp-content\/uploads\/2018\/11\/Conferencia-2-94-680x1024.jpg 680w, http:\/\/www.adghn.org\/wp-content\/uploads\/2018\/11\/Conferencia-2-94.jpg 1177w\" sizes=\"(max-width: 199px) 100vw, 199px\" \/><\/p>\n<p>&nbsp;<\/p>\n<p>&nbsp;<\/p>\n<p>&nbsp;<\/p>\n<p>&nbsp;<\/p>\n<p>&nbsp;<\/p>\n<p>&nbsp;<\/p>\n<p>&nbsp;<\/p>\n<p>&nbsp;<\/p>\n<p>&nbsp;<\/p>\n<p>&nbsp;<\/p>\n<hr \/>\n<p><img decoding=\"async\" loading=\"lazy\" class=\"size-thumbnail wp-image-204 aligncenter\" src=\"http:\/\/www.adghn.org\/wp-content\/uploads\/2018\/02\/c-150x150.png\" alt=\"\" width=\"150\" height=\"150\" \/><\/p>\n<h4 style=\"text-align: center;\"><strong>ASOCIACI\u00d3N DE DIPLOMADOS<\/strong><\/h4>\n<h4 style=\"text-align: center;\"><strong>EN<\/strong><\/h4>\n<h4 style=\"text-align: center;\"><strong>GENEALOG\u00cdA, HER\u00c1LDICA Y NOBILIARIA<\/strong><\/h4>\n<p><img decoding=\"async\" loading=\"lazy\" class=\"aligncenter wp-image-398 size-large\" src=\"http:\/\/www.adghn.org\/wp-content\/uploads\/2018\/06\/1-2-1024x622.jpg\" alt=\"\" width=\"1024\" height=\"622\" srcset=\"http:\/\/www.adghn.org\/wp-content\/uploads\/2018\/06\/1-2-1024x622.jpg 1024w, http:\/\/www.adghn.org\/wp-content\/uploads\/2018\/06\/1-2-300x182.jpg 300w, http:\/\/www.adghn.org\/wp-content\/uploads\/2018\/06\/1-2-768x466.jpg 768w, http:\/\/www.adghn.org\/wp-content\/uploads\/2018\/06\/1-2.jpg 1265w\" sizes=\"(max-width: 1024px) 100vw, 1024px\" \/><\/p>\n<p style=\"text-align: center;\">Acto de presentaci\u00f3n del libro<\/p>\n<h4 style=\"text-align: center;\"><strong>La Casa<\/strong><strong> de Alba<\/strong><\/h4>\n<h4 style=\"text-align: center;\"><strong>Mil a\u00f1os de Historia y de leyendas<\/strong><\/h4>\n<p style=\"text-align: center;\">de<\/p>\n<h4 style=\"text-align: center;\"><strong>Jos\u00e9 Luis Sampedro Escolar<\/strong><\/h4>\n<p style=\"text-align: center;\">Jueves 26 de abril de 2007 en la sede del Consejo Superior de Investigaciones Cient\u00edficas, en la calle del \u00a0Duque de Medinaceli, 8, Madrid.<\/p>\n<p><img decoding=\"async\" loading=\"lazy\" class=\"aligncenter wp-image-399 size-full\" src=\"http:\/\/www.adghn.org\/wp-content\/uploads\/2018\/06\/2-1.jpg\" alt=\"\" width=\"728\" height=\"923\" srcset=\"http:\/\/www.adghn.org\/wp-content\/uploads\/2018\/06\/2-1.jpg 728w, http:\/\/www.adghn.org\/wp-content\/uploads\/2018\/06\/2-1-237x300.jpg 237w\" sizes=\"(max-width: 728px) 100vw, 728px\" \/><\/p>\n<p><img decoding=\"async\" loading=\"lazy\" class=\"aligncenter wp-image-401 size-large\" src=\"http:\/\/www.adghn.org\/wp-content\/uploads\/2018\/06\/3-1-1024x834.jpg\" alt=\"\" width=\"1024\" height=\"834\" srcset=\"http:\/\/www.adghn.org\/wp-content\/uploads\/2018\/06\/3-1-1024x834.jpg 1024w, http:\/\/www.adghn.org\/wp-content\/uploads\/2018\/06\/3-1-300x244.jpg 300w, http:\/\/www.adghn.org\/wp-content\/uploads\/2018\/06\/3-1-768x626.jpg 768w, http:\/\/www.adghn.org\/wp-content\/uploads\/2018\/06\/3-1.jpg 1133w\" sizes=\"(max-width: 1024px) 100vw, 1024px\" \/><\/p>\n<p style=\"text-align: center;\">A su llegada a la sede madrile\u00f1a del Consejo Superior de Investigaciones Cient\u00edficas, en la calle Duque de Medinacel\u00ed, don\u00a0 Fernando\u00a0 Mart\u00ednez de Irujo y Fitz-James Stuart,\u00a0Marqu\u00e9s de San Vicente del Barco, es saludado por D. Jos\u00e9 Lu\u00eds Sampedro Escolar.<\/p>\n<p style=\"text-align: center;\"><img decoding=\"async\" loading=\"lazy\" class=\"aligncenter wp-image-402 size-large\" src=\"http:\/\/www.adghn.org\/wp-content\/uploads\/2018\/06\/1-3-1024x721.jpg\" alt=\"\" width=\"1024\" height=\"721\" srcset=\"http:\/\/www.adghn.org\/wp-content\/uploads\/2018\/06\/1-3-1024x721.jpg 1024w, http:\/\/www.adghn.org\/wp-content\/uploads\/2018\/06\/1-3-300x211.jpg 300w, http:\/\/www.adghn.org\/wp-content\/uploads\/2018\/06\/1-3-768x541.jpg 768w, http:\/\/www.adghn.org\/wp-content\/uploads\/2018\/06\/1-3.jpg 1267w\" sizes=\"(max-width: 1024px) 100vw, 1024px\" \/><\/p>\n<p style=\"text-align: center;\">\u00a0 \u00a0 \u00a0 \u00a0 \u00a0 El Marqu\u00e9s de San Vicente del Barco y el Pr\u00edncipe Franz Wilhelm de Prusia acompa\u00f1ados por D. Amadeo Rey. \u00a0Detr\u00e1s se distingue a D. Eduardo Garc\u00eda-Menacho y Osset y su hijo Eduardo Garc\u00eda-Menacho y Jare\u00f1o.<\/p>\n<p style=\"text-align: center;\"><img decoding=\"async\" loading=\"lazy\" class=\"aligncenter wp-image-403 size-large\" src=\"http:\/\/www.adghn.org\/wp-content\/uploads\/2018\/06\/2-2-1024x791.jpg\" alt=\"\" width=\"1024\" height=\"791\" srcset=\"http:\/\/www.adghn.org\/wp-content\/uploads\/2018\/06\/2-2-1024x791.jpg 1024w, http:\/\/www.adghn.org\/wp-content\/uploads\/2018\/06\/2-2-300x232.jpg 300w, http:\/\/www.adghn.org\/wp-content\/uploads\/2018\/06\/2-2-768x593.jpg 768w, http:\/\/www.adghn.org\/wp-content\/uploads\/2018\/06\/2-2.jpg 1277w\" sizes=\"(max-width: 1024px) 100vw, 1024px\" \/><\/p>\n<p style=\"text-align: center;\">La Presidenta de la Asociaci\u00f3n de Diplomados en Genealog\u00eda, Her\u00e1ldica y Nobiliaria da la bienvenida a los asistentes.<\/p>\n<p style=\"text-align: center;\"><img decoding=\"async\" loading=\"lazy\" class=\"aligncenter wp-image-404 size-large\" src=\"http:\/\/www.adghn.org\/wp-content\/uploads\/2018\/06\/3-2-1024x571.jpg\" alt=\"\" width=\"1024\" height=\"571\" srcset=\"http:\/\/www.adghn.org\/wp-content\/uploads\/2018\/06\/3-2-1024x571.jpg 1024w, http:\/\/www.adghn.org\/wp-content\/uploads\/2018\/06\/3-2-300x167.jpg 300w, http:\/\/www.adghn.org\/wp-content\/uploads\/2018\/06\/3-2-768x428.jpg 768w, http:\/\/www.adghn.org\/wp-content\/uploads\/2018\/06\/3-2.jpg 1149w\" sizes=\"(max-width: 1024px) 100vw, 1024px\" \/><\/p>\n<p style=\"text-align: center;\"><img decoding=\"async\" loading=\"lazy\" class=\"aligncenter wp-image-405 size-full\" src=\"http:\/\/www.adghn.org\/wp-content\/uploads\/2018\/06\/4-1.jpg\" alt=\"\" width=\"772\" height=\"645\" srcset=\"http:\/\/www.adghn.org\/wp-content\/uploads\/2018\/06\/4-1.jpg 772w, http:\/\/www.adghn.org\/wp-content\/uploads\/2018\/06\/4-1-300x251.jpg 300w, http:\/\/www.adghn.org\/wp-content\/uploads\/2018\/06\/4-1-768x642.jpg 768w\" sizes=\"(max-width: 772px) 100vw, 772px\" \/><\/p>\n<p style=\"text-align: center;\">El autor del libro en un momento de su disertaci\u00f3n, en la que se glos\u00f3 al III Duque de Alba, de cuyo nacimiento se cumpl\u00eda en 2007 el V centenario (izq.) y don Javier Timermans, Marqu\u00e9s de Villa Puente de la Pe\u00f1a, cuyas palabras aludieron a la pervivencia de los mayorazgos nobiliarios a trav\u00e9s de las fundaciones culturales (dcha.).<\/p>\n<p style=\"text-align: center;\"><img decoding=\"async\" loading=\"lazy\" class=\"aligncenter wp-image-406 size-large\" src=\"http:\/\/www.adghn.org\/wp-content\/uploads\/2018\/06\/1-4-1024x749.jpg\" alt=\"\" width=\"1024\" height=\"749\" srcset=\"http:\/\/www.adghn.org\/wp-content\/uploads\/2018\/06\/1-4-1024x749.jpg 1024w, http:\/\/www.adghn.org\/wp-content\/uploads\/2018\/06\/1-4-300x220.jpg 300w, http:\/\/www.adghn.org\/wp-content\/uploads\/2018\/06\/1-4-768x562.jpg 768w, http:\/\/www.adghn.org\/wp-content\/uploads\/2018\/06\/1-4.jpg 1279w\" sizes=\"(max-width: 1024px) 100vw, 1024px\" \/><\/p>\n<p style=\"text-align: center;\">S.A.R El Pr\u00edncipe Franz Wilhelm de Prusia y el Marqu\u00e9s de San Vicente del Barco junto con los oradores de la sesi\u00f3n.<\/p>\n<p>&nbsp;<\/p>\n","protected":false},"excerpt":{"rendered":"<p>\u00abConferencia titulada Los Romanov, pasado y presente de una Dinast\u00eda\u00bb pronunciada por Jos\u00e9 Luis Sampedro Escolar, Numerario de la Real Academia Matritense de Her\u00e1ldica y Genealog\u00eda,\u00a0el 14 de abril de 1994, en la sede del Consejo Superior de Investigaciones Cient\u00edfiacas (CSIC) de la calle Duque de Medinaceli, 6, en Madrid. En las im\u00e1genes podemos ver [&hellip;]<\/p>\n","protected":false},"author":1,"featured_media":0,"parent":0,"menu_order":0,"comment_status":"closed","ping_status":"closed","template":"","meta":[],"_links":{"self":[{"href":"http:\/\/www.adghn.org\/index.php\/wp-json\/wp\/v2\/pages\/392"}],"collection":[{"href":"http:\/\/www.adghn.org\/index.php\/wp-json\/wp\/v2\/pages"}],"about":[{"href":"http:\/\/www.adghn.org\/index.php\/wp-json\/wp\/v2\/types\/page"}],"author":[{"embeddable":true,"href":"http:\/\/www.adghn.org\/index.php\/wp-json\/wp\/v2\/users\/1"}],"replies":[{"embeddable":true,"href":"http:\/\/www.adghn.org\/index.php\/wp-json\/wp\/v2\/comments?post=392"}],"version-history":[{"count":6,"href":"http:\/\/www.adghn.org\/index.php\/wp-json\/wp\/v2\/pages\/392\/revisions"}],"predecessor-version":[{"id":474,"href":"http:\/\/www.adghn.org\/index.php\/wp-json\/wp\/v2\/pages\/392\/revisions\/474"}],"wp:attachment":[{"href":"http:\/\/www.adghn.org\/index.php\/wp-json\/wp\/v2\/media?parent=392"}],"curies":[{"name":"wp","href":"https:\/\/api.w.org\/{rel}","templated":true}]}}