{"id":477,"date":"2018-11-23T17:12:45","date_gmt":"2018-11-23T17:12:45","guid":{"rendered":"http:\/\/www.adghn.org\/?page_id=477"},"modified":"2018-12-21T11:53:29","modified_gmt":"2018-12-21T11:53:29","slug":"2018-2019","status":"publish","type":"page","link":"http:\/\/www.adghn.org\/index.php\/2018-2019\/","title":{"rendered":"2018 &#8211; 2019"},"content":{"rendered":"<h3 style=\"text-align: center;\">APERTURA DEL CURSO 2018-2019 DE LA ESCUELA MARQU\u00c9S DE AVIL\u00c9S<\/h3>\n<p>Se ha efectuado la apertura del Curso 2018-2019 de Genealog\u00eda, Her\u00e1ldica y Nobiliaria impartido por la escuela Marqu\u00e9s de Avil\u00e9s y bajo la coordinaci\u00f3n de \u00c1ngel Mora, en un acto celebrado en el Centro Cultural de los Ej\u00e9rcitos, en Madrid, instituci\u00f3n en cuyo nombre pronunci\u00f3 unas palabras de salutaci\u00f3n el coronel Juan Carlos Aneiros, en representaci\u00f3n de su presidente, el general Carlos Valverde. A continuaci\u00f3n, intervino la presidenta de la Asociaci\u00f3n de Diplomados en Genealog\u00eda, Her\u00e1ldica y Nobiliaria, organizadora del Curso, Elena Fern\u00e1ndez del Cerro, quien dio la bienvenida a los asistentes y present\u00f3 al conferenciante, Jos\u00e9 Luis Sampedro Escolar, Numerario de la Real Academia Matritense de Her\u00e1ldica y Genealog\u00eda, que disert\u00f3 acerca de <strong>Luis Herreros de Tejada y Villaldea<\/strong>, Se\u00f1or divisero de Tejada, artista y palatino, un personaje al que merece la pena rescatar del olvido. Luis Herreros de Tejada (Madrid, 1867-Par\u00eds, 1942), Mayordomo de Semana de Alfonso XIII y pintor de talento, fue Presidente del Solar de Tejada en 1904 y en 1928. Tras un breve turno de intervenciones de los asistentes, la Presidenta declar\u00f3 abierto oficialmente el Curso, finalizando el acto con la entrega al Centro Cultural de los Ej\u00e9rcitos de una litograf\u00eda representando al General Prim en la batalla de los Castillejos, coincidiendo con que este a\u00f1o se conmemora el 150 aniversario de la Revoluci\u00f3n de 1868 de la que el c\u00e9lebre militar de Reus fue protagonista indiscutible.<\/p>\n<p><img decoding=\"async\" loading=\"lazy\" class=\"alignleft wp-image-485 size-large\" src=\"http:\/\/www.adghn.org\/wp-content\/uploads\/2018\/12\/DSC_0864-1024x474.jpg\" alt=\"\" width=\"1024\" height=\"474\" srcset=\"http:\/\/www.adghn.org\/wp-content\/uploads\/2018\/12\/DSC_0864-1024x474.jpg 1024w, http:\/\/www.adghn.org\/wp-content\/uploads\/2018\/12\/DSC_0864-300x139.jpg 300w, http:\/\/www.adghn.org\/wp-content\/uploads\/2018\/12\/DSC_0864-768x355.jpg 768w, http:\/\/www.adghn.org\/wp-content\/uploads\/2018\/12\/DSC_0864.jpg 1772w\" sizes=\"(max-width: 1024px) 100vw, 1024px\" \/><\/p>\n<p>&nbsp;<\/p>\n<p>&nbsp;<\/p>\n<p>&nbsp;<\/p>\n<p>&nbsp;<\/p>\n<p>&nbsp;<\/p>\n<p>&nbsp;<\/p>\n<p>&nbsp;<\/p>\n<p>&nbsp;<\/p>\n<p>&nbsp;<\/p>\n<p>&nbsp;<\/p>\n<p><img decoding=\"async\" loading=\"lazy\" class=\"alignleft wp-image-486 size-large\" src=\"http:\/\/www.adghn.org\/wp-content\/uploads\/2018\/12\/DSC_0871-1024x478.jpg\" alt=\"\" width=\"1024\" height=\"478\" srcset=\"http:\/\/www.adghn.org\/wp-content\/uploads\/2018\/12\/DSC_0871-1024x478.jpg 1024w, http:\/\/www.adghn.org\/wp-content\/uploads\/2018\/12\/DSC_0871-300x140.jpg 300w, http:\/\/www.adghn.org\/wp-content\/uploads\/2018\/12\/DSC_0871-768x358.jpg 768w, http:\/\/www.adghn.org\/wp-content\/uploads\/2018\/12\/DSC_0871.jpg 1772w\" sizes=\"(max-width: 1024px) 100vw, 1024px\" \/><\/p>\n<p>&nbsp;<\/p>\n<p>&nbsp;<\/p>\n<p>&nbsp;<\/p>\n<p>&nbsp;<\/p>\n<p>&nbsp;<\/p>\n<p>&nbsp;<\/p>\n<p>&nbsp;<\/p>\n<p>&nbsp;<\/p>\n<p>&nbsp;<\/p>\n<p>&nbsp;<\/p>\n<p><img decoding=\"async\" loading=\"lazy\" class=\"alignleft wp-image-487 size-large\" src=\"http:\/\/www.adghn.org\/wp-content\/uploads\/2018\/12\/DSC_0872-1024x588.jpg\" alt=\"\" width=\"1024\" height=\"588\" srcset=\"http:\/\/www.adghn.org\/wp-content\/uploads\/2018\/12\/DSC_0872-1024x588.jpg 1024w, http:\/\/www.adghn.org\/wp-content\/uploads\/2018\/12\/DSC_0872-300x172.jpg 300w, http:\/\/www.adghn.org\/wp-content\/uploads\/2018\/12\/DSC_0872-768x441.jpg 768w, http:\/\/www.adghn.org\/wp-content\/uploads\/2018\/12\/DSC_0872.jpg 1772w\" sizes=\"(max-width: 1024px) 100vw, 1024px\" \/><\/p>\n<p>&nbsp;<\/p>\n<p>&nbsp;<\/p>\n<p>&nbsp;<\/p>\n<p>&nbsp;<\/p>\n<p>&nbsp;<\/p>\n<p>&nbsp;<\/p>\n<p>&nbsp;<\/p>\n<p>&nbsp;<\/p>\n<p>&nbsp;<\/p>\n<p>&nbsp;<\/p>\n<p>&nbsp;<\/p>\n<p>&nbsp;<\/p>\n<p><img decoding=\"async\" loading=\"lazy\" class=\"alignleft wp-image-488 size-medium\" src=\"http:\/\/www.adghn.org\/wp-content\/uploads\/2018\/12\/DSC_08812-279x300.jpg\" alt=\"\" width=\"279\" height=\"300\" srcset=\"http:\/\/www.adghn.org\/wp-content\/uploads\/2018\/12\/DSC_08812-279x300.jpg 279w, http:\/\/www.adghn.org\/wp-content\/uploads\/2018\/12\/DSC_08812-768x824.jpg 768w, http:\/\/www.adghn.org\/wp-content\/uploads\/2018\/12\/DSC_08812-954x1024.jpg 954w, http:\/\/www.adghn.org\/wp-content\/uploads\/2018\/12\/DSC_08812.jpg 1772w\" sizes=\"(max-width: 279px) 100vw, 279px\" \/><img decoding=\"async\" loading=\"lazy\" class=\"alignleft wp-image-489 size-medium\" src=\"http:\/\/www.adghn.org\/wp-content\/uploads\/2018\/12\/DSC_0883-271x300.jpg\" alt=\"\" width=\"271\" height=\"300\" srcset=\"http:\/\/www.adghn.org\/wp-content\/uploads\/2018\/12\/DSC_0883-271x300.jpg 271w, http:\/\/www.adghn.org\/wp-content\/uploads\/2018\/12\/DSC_0883-768x849.jpg 768w, http:\/\/www.adghn.org\/wp-content\/uploads\/2018\/12\/DSC_0883-926x1024.jpg 926w, http:\/\/www.adghn.org\/wp-content\/uploads\/2018\/12\/DSC_0883.jpg 1772w\" sizes=\"(max-width: 271px) 100vw, 271px\" \/><\/p>\n<p>&nbsp;<\/p>\n<p>&nbsp;<\/p>\n<p>&nbsp;<\/p>\n<p>&nbsp;<\/p>\n<p>&nbsp;<\/p>\n<p>&nbsp;<\/p>\n<p>&nbsp;<\/p>\n<p>&nbsp;<\/p>\n<p>Para ver el v\u00eddeo, por favor haga click en <a href=\"https:\/\/youtu.be\/_r4Y-2ZvY3Y\" target=\"_blank\" rel=\"noopener\">conferencia<\/a><\/p>\n","protected":false},"excerpt":{"rendered":"<p>APERTURA DEL CURSO 2018-2019 DE LA ESCUELA MARQU\u00c9S DE AVIL\u00c9S Se ha efectuado la apertura del Curso 2018-2019 de Genealog\u00eda, Her\u00e1ldica y Nobiliaria impartido por la escuela Marqu\u00e9s de Avil\u00e9s y bajo la coordinaci\u00f3n de \u00c1ngel Mora, en un acto celebrado en el Centro Cultural de los Ej\u00e9rcitos, en Madrid, instituci\u00f3n en cuyo nombre pronunci\u00f3 [&hellip;]<\/p>\n","protected":false},"author":1,"featured_media":0,"parent":0,"menu_order":0,"comment_status":"closed","ping_status":"closed","template":"","meta":[],"_links":{"self":[{"href":"http:\/\/www.adghn.org\/index.php\/wp-json\/wp\/v2\/pages\/477"}],"collection":[{"href":"http:\/\/www.adghn.org\/index.php\/wp-json\/wp\/v2\/pages"}],"about":[{"href":"http:\/\/www.adghn.org\/index.php\/wp-json\/wp\/v2\/types\/page"}],"author":[{"embeddable":true,"href":"http:\/\/www.adghn.org\/index.php\/wp-json\/wp\/v2\/users\/1"}],"replies":[{"embeddable":true,"href":"http:\/\/www.adghn.org\/index.php\/wp-json\/wp\/v2\/comments?post=477"}],"version-history":[{"count":4,"href":"http:\/\/www.adghn.org\/index.php\/wp-json\/wp\/v2\/pages\/477\/revisions"}],"predecessor-version":[{"id":492,"href":"http:\/\/www.adghn.org\/index.php\/wp-json\/wp\/v2\/pages\/477\/revisions\/492"}],"wp:attachment":[{"href":"http:\/\/www.adghn.org\/index.php\/wp-json\/wp\/v2\/media?parent=477"}],"curies":[{"name":"wp","href":"https:\/\/api.w.org\/{rel}","templated":true}]}}

<h3 style="text-align: center;">APERTURA DEL CURSO 2018-2019 DE LA ESCUELA MARQUÉS DE AVILÉS</h3>
<p>Se ha efectuado la apertura del Curso 2018-2019 de Genealogía, Heráldica y Nobiliaria impartido por la escuela Marqués de Avilés y bajo la coordinación de Ángel Mora, en un acto celebrado en el Centro Cultural de los Ejércitos, en Madrid, institución en cuyo nombre pronunció unas palabras de salutación el coronel Juan Carlos Aneiros, en representación de su presidente, el general Carlos Valverde. A continuación, intervino la presidenta de la Asociación de Diplomados en Genealogía, Heráldica y Nobiliaria, organizadora del Curso, Elena Fernández del Cerro, quien dio la bienvenida a los asistentes y presentó al conferenciante, José Luis Sampedro Escolar, Numerario de la Real Academia Matritense de Heráldica y Genealogía, que disertó acerca de <strong>Luis Herreros de Tejada y Villaldea</strong>, Señor divisero de Tejada, artista y palatino, un personaje al que merece la pena rescatar del olvido. Luis Herreros de Tejada (Madrid, 1867-París, 1942), Mayordomo de Semana de Alfonso XIII y pintor de talento, fue Presidente del Solar de Tejada en 1904 y en 1928. Tras un breve turno de intervenciones de los asistentes, la Presidenta declaró abierto oficialmente el Curso, finalizando el acto con la entrega al Centro Cultural de los Ejércitos de una litografía representando al General Prim en la batalla de los Castillejos, coincidiendo con que este año se conmemora el 150 aniversario de la Revolución de 1868 de la que el célebre militar de Reus fue protagonista indiscutible.</p>
<p><img decoding="async" loading="lazy" class="alignleft wp-image-485 size-large" src="http://www.adghn.org/wp-content/uploads/2018/12/DSC_0864-1024x474.jpg" alt="" width="1024" height="474" srcset="http://www.adghn.org/wp-content/uploads/2018/12/DSC_0864-1024x474.jpg 1024w, http://www.adghn.org/wp-content/uploads/2018/12/DSC_0864-300x139.jpg 300w, http://www.adghn.org/wp-content/uploads/2018/12/DSC_0864-768x355.jpg 768w, http://www.adghn.org/wp-content/uploads/2018/12/DSC_0864.jpg 1772w" sizes="(max-width: 1024px) 100vw, 1024px" /></p>
<p>&nbsp;</p>
<p>&nbsp;</p>
<p>&nbsp;</p>
<p>&nbsp;</p>
<p>&nbsp;</p>
<p>&nbsp;</p>
<p>&nbsp;</p>
<p>&nbsp;</p>
<p>&nbsp;</p>
<p>&nbsp;</p>
<p><img decoding="async" loading="lazy" class="alignleft wp-image-486 size-large" src="http://www.adghn.org/wp-content/uploads/2018/12/DSC_0871-1024x478.jpg" alt="" width="1024" height="478" srcset="http://www.adghn.org/wp-content/uploads/2018/12/DSC_0871-1024x478.jpg 1024w, http://www.adghn.org/wp-content/uploads/2018/12/DSC_0871-300x140.jpg 300w, http://www.adghn.org/wp-content/uploads/2018/12/DSC_0871-768x358.jpg 768w, http://www.adghn.org/wp-content/uploads/2018/12/DSC_0871.jpg 1772w" sizes="(max-width: 1024px) 100vw, 1024px" /></p>
<p>&nbsp;</p>
<p>&nbsp;</p>
<p>&nbsp;</p>
<p>&nbsp;</p>
<p>&nbsp;</p>
<p>&nbsp;</p>
<p>&nbsp;</p>
<p>&nbsp;</p>
<p>&nbsp;</p>
<p>&nbsp;</p>
<p><img decoding="async" loading="lazy" class="alignleft wp-image-487 size-large" src="http://www.adghn.org/wp-content/uploads/2018/12/DSC_0872-1024x588.jpg" alt="" width="1024" height="588" srcset="http://www.adghn.org/wp-content/uploads/2018/12/DSC_0872-1024x588.jpg 1024w, http://www.adghn.org/wp-content/uploads/2018/12/DSC_0872-300x172.jpg 300w, http://www.adghn.org/wp-content/uploads/2018/12/DSC_0872-768x441.jpg 768w, http://www.adghn.org/wp-content/uploads/2018/12/DSC_0872.jpg 1772w" sizes="(max-width: 1024px) 100vw, 1024px" /></p>
<p>&nbsp;</p>
<p>&nbsp;</p>
<p>&nbsp;</p>
<p>&nbsp;</p>
<p>&nbsp;</p>
<p>&nbsp;</p>
<p>&nbsp;</p>
<p>&nbsp;</p>
<p>&nbsp;</p>
<p>&nbsp;</p>
<p>&nbsp;</p>
<p>&nbsp;</p>
<p><img decoding="async" loading="lazy" class="alignleft wp-image-488 size-medium" src="http://www.adghn.org/wp-content/uploads/2018/12/DSC_08812-279x300.jpg" alt="" width="279" height="300" srcset="http://www.adghn.org/wp-content/uploads/2018/12/DSC_08812-279x300.jpg 279w, http://www.adghn.org/wp-content/uploads/2018/12/DSC_08812-768x824.jpg 768w, http://www.adghn.org/wp-content/uploads/2018/12/DSC_08812-954x1024.jpg 954w, http://www.adghn.org/wp-content/uploads/2018/12/DSC_08812.jpg 1772w" sizes="(max-width: 279px) 100vw, 279px" /><img decoding="async" loading="lazy" class="alignleft wp-image-489 size-medium" src="http://www.adghn.org/wp-content/uploads/2018/12/DSC_0883-271x300.jpg" alt="" width="271" height="300" srcset="http://www.adghn.org/wp-content/uploads/2018/12/DSC_0883-271x300.jpg 271w, http://www.adghn.org/wp-content/uploads/2018/12/DSC_0883-768x849.jpg 768w, http://www.adghn.org/wp-content/uploads/2018/12/DSC_0883-926x1024.jpg 926w, http://www.adghn.org/wp-content/uploads/2018/12/DSC_0883.jpg 1772w" sizes="(max-width: 271px) 100vw, 271px" /></p>
<p>&nbsp;</p>
<p>&nbsp;</p>
<p>&nbsp;</p>
<p>&nbsp;</p>
<p>&nbsp;</p>
<p>&nbsp;</p>
<p>&nbsp;</p>
<p>&nbsp;</p>
<p>Para ver el vídeo, por favor haga click en <a href="https://youtu.be/_r4Y-2ZvY3Y" target="_blank" rel="noopener">conferencia</a></p>

<p>APERTURA DEL CURSO 2018-2019 DE LA ESCUELA MARQUÉS DE AVILÉS Se ha efectuado la apertura del Curso 2018-2019 de Genealogía, Heráldica y Nobiliaria impartido por la escuela Marqués de Avilés y bajo la coordinación de Ángel Mora, en un acto celebrado en el Centro Cultural de los Ejércitos, en Madrid, institución en cuyo nombre pronunció [&hellip;]</p>
