{"id":576,"date":"2021-04-07T14:04:24","date_gmt":"2021-04-07T14:04:24","guid":{"rendered":"http:\/\/www.adghn.org\/?page_id=576"},"modified":"2021-04-07T14:09:30","modified_gmt":"2021-04-07T14:09:30","slug":"2020-2021","status":"publish","type":"page","link":"https:\/\/www.adghn.org\/index.php\/2020-2021\/","title":{"rendered":"2020 &#8211; 2021"},"content":{"rendered":"<h4 style=\"text-align: center;\"><strong>CLAUSURADO EL CURSO DE HER\u00c1LDICA GENERAL Y MILITAR<\/strong><\/h4>\n<p>El d\u00eda 25 de marzo de 2021 tuvo lugar, en el sal\u00f3n de actos de la sede del Instituto de Historia y Cultura Militar, en le madrile\u00f1o Paseo de Moret, el acto de clausura de la XXXIII edici\u00f3n del\u00a0<em>Curso de Her\u00e1ldica General y Militar<\/em>.<\/p>\n<p>El acto se inici\u00f3 con la conferencia titulada\u00a0<em>Faustino Men\u00e9ndez-Pidal y Navascu\u00e9s. In memoriam<\/em>, impartida por el Acad\u00e9mico de N\u00famero y Decano de la Real Academia Matritense de Her\u00e1ldica y Genealog\u00eda don Jos\u00e9 Luis Sampedro Escolar, record\u00e1ndolo tanto en su aspecto personal como en su legado en materia her\u00e1ldica.<\/p>\n<p>Esta intervenci\u00f3n fue seguida por unas palabras del director del curso, Coronel Jos\u00e9 Ignacio Crespo, en las que glos\u00f3 el papel del IHCM en la conservaci\u00f3n y divulgaci\u00f3n del patrimonio hist\u00f3rico-cultural que atesora el Ej\u00e9rcito, labor de la que el presente curso resulta buen ejemplo. A continuaci\u00f3n, se realiz\u00f3 el acto de entrega de Diplomas a los concurrentes, que fue seguido del discurso de despedida pronunciado, por el General Enrique Bohigas, Director del\u00a0<em>Instituto, quien destac\u00f3 el valor de la Her\u00e1ldica en el momento actual.<\/em><\/p>\n<p>A lo largo del curso han intervenido, entre otros cualificados profesores, los Coroneles C\u00e9sar Colis y Eduardo Garc\u00eda-Menacho, Jos\u00e9 M\u00aa de Francisco Olmos, Jos\u00e9 Antonio Vivar del Riego y el mencionado Jos\u00e9 Luis Sampedro Escolar.<\/p>\n<p><img decoding=\"async\" loading=\"lazy\" class=\"size-large wp-image-574 aligncenter\" src=\"http:\/\/www.adghn.org\/wp-content\/uploads\/2021\/04\/Imagen1-1024x531.jpg\" alt=\"\" width=\"1024\" height=\"531\" srcset=\"https:\/\/www.adghn.org\/wp-content\/uploads\/2021\/04\/Imagen1-1024x531.jpg 1024w, https:\/\/www.adghn.org\/wp-content\/uploads\/2021\/04\/Imagen1-300x155.jpg 300w, https:\/\/www.adghn.org\/wp-content\/uploads\/2021\/04\/Imagen1-768x398.jpg 768w, https:\/\/www.adghn.org\/wp-content\/uploads\/2021\/04\/Imagen1.jpg 1299w\" sizes=\"(max-width: 1024px) 100vw, 1024px\" \/><\/p>\n<p style=\"text-align: center;\">Pie de la fotograf\u00eda:<\/p>\n<p style=\"text-align: center;\">De izquierda a derecha: Cor. Jos\u00e9 Ignacio Crespo,\u00a0General Jos\u00e9 Lu\u00eds S\u00e1nchez, Jos\u00e9 Luis Sampedro, General Enrique Bohigas,\u00a0 Jos\u00e9 Antonio Vivar, General Juan Antonio D\u00edaz y Cor. V\u00edctor Manuel Herrero.<\/p>\n","protected":false},"excerpt":{"rendered":"<p>CLAUSURADO EL CURSO DE HER\u00c1LDICA GENERAL Y MILITAR El d\u00eda 25 de marzo de 2021 tuvo lugar, en el sal\u00f3n de actos de la sede del Instituto de Historia y Cultura Militar, en le madrile\u00f1o Paseo de Moret, el acto de clausura de la XXXIII edici\u00f3n del\u00a0Curso de Her\u00e1ldica General y Militar. El acto se [&hellip;]<\/p>\n","protected":false},"author":1,"featured_media":0,"parent":0,"menu_order":0,"comment_status":"closed","ping_status":"closed","template":"","meta":[],"_links":{"self":[{"href":"https:\/\/www.adghn.org\/index.php\/wp-json\/wp\/v2\/pages\/576"}],"collection":[{"href":"https:\/\/www.adghn.org\/index.php\/wp-json\/wp\/v2\/pages"}],"about":[{"href":"https:\/\/www.adghn.org\/index.php\/wp-json\/wp\/v2\/types\/page"}],"author":[{"embeddable":true,"href":"https:\/\/www.adghn.org\/index.php\/wp-json\/wp\/v2\/users\/1"}],"replies":[{"embeddable":true,"href":"https:\/\/www.adghn.org\/index.php\/wp-json\/wp\/v2\/comments?post=576"}],"version-history":[{"count":4,"href":"https:\/\/www.adghn.org\/index.php\/wp-json\/wp\/v2\/pages\/576\/revisions"}],"predecessor-version":[{"id":583,"href":"https:\/\/www.adghn.org\/index.php\/wp-json\/wp\/v2\/pages\/576\/revisions\/583"}],"wp:attachment":[{"href":"https:\/\/www.adghn.org\/index.php\/wp-json\/wp\/v2\/media?parent=576"}],"curies":[{"name":"wp","href":"https:\/\/api.w.org\/{rel}","templated":true}]}}

<h4 style="text-align: center;"><strong>CLAUSURADO EL CURSO DE HERÁLDICA GENERAL Y MILITAR</strong></h4>
<p>El día 25 de marzo de 2021 tuvo lugar, en el salón de actos de la sede del Instituto de Historia y Cultura Militar, en le madrileño Paseo de Moret, el acto de clausura de la XXXIII edición del <em>Curso de Heráldica General y Militar</em>.</p>
<p>El acto se inició con la conferencia titulada <em>Faustino Menéndez-Pidal y Navascués. In memoriam</em>, impartida por el Académico de Número y Decano de la Real Academia Matritense de Heráldica y Genealogía don José Luis Sampedro Escolar, recordándolo tanto en su aspecto personal como en su legado en materia heráldica.</p>
<p>Esta intervención fue seguida por unas palabras del director del curso, Coronel José Ignacio Crespo, en las que glosó el papel del IHCM en la conservación y divulgación del patrimonio histórico-cultural que atesora el Ejército, labor de la que el presente curso resulta buen ejemplo. A continuación, se realizó el acto de entrega de Diplomas a los concurrentes, que fue seguido del discurso de despedida pronunciado, por el General Enrique Bohigas, Director del <em>Instituto, quien destacó el valor de la Heráldica en el momento actual.</em></p>
<p>A lo largo del curso han intervenido, entre otros cualificados profesores, los Coroneles César Colis y Eduardo García-Menacho, José Mª de Francisco Olmos, José Antonio Vivar del Riego y el mencionado José Luis Sampedro Escolar.</p>
<p><img decoding="async" loading="lazy" class="size-large wp-image-574 aligncenter" src="http://www.adghn.org/wp-content/uploads/2021/04/Imagen1-1024x531.jpg" alt="" width="1024" height="531" srcset="https://www.adghn.org/wp-content/uploads/2021/04/Imagen1-1024x531.jpg 1024w, https://www.adghn.org/wp-content/uploads/2021/04/Imagen1-300x155.jpg 300w, https://www.adghn.org/wp-content/uploads/2021/04/Imagen1-768x398.jpg 768w, https://www.adghn.org/wp-content/uploads/2021/04/Imagen1.jpg 1299w" sizes="(max-width: 1024px) 100vw, 1024px" /></p>
<p style="text-align: center;">Pie de la fotografía:</p>
<p style="text-align: center;">De izquierda a derecha: Cor. José Ignacio Crespo, General José Luís Sánchez, José Luis Sampedro, General Enrique Bohigas,  José Antonio Vivar, General Juan Antonio Díaz y Cor. Víctor Manuel Herrero.</p>

<p>CLAUSURADO EL CURSO DE HERÁLDICA GENERAL Y MILITAR El día 25 de marzo de 2021 tuvo lugar, en el salón de actos de la sede del Instituto de Historia y Cultura Militar, en le madrileño Paseo de Moret, el acto de clausura de la XXXIII edición del Curso de Heráldica General y Militar. El acto se [&hellip;]</p>
